{"id":540,"date":"2026-01-20T20:02:28","date_gmt":"2026-01-20T19:02:28","guid":{"rendered":"https:\/\/farmaciaandorra.com\/analisi-professional-de-la-pell-a-la-farmacia-a-andorra\/"},"modified":"2026-01-20T20:25:44","modified_gmt":"2026-01-20T19:25:44","slug":"analisi-professional-de-la-pell-a-la-farmacia-a-andorra","status":"publish","type":"page","link":"https:\/\/farmaciaandorra.com\/ca\/analisi-professional-de-la-pell-a-la-farmacia-a-andorra\/","title":{"rendered":"An\u00e0lisi professional de la pell a la farm\u00e0cia a Andorra"},"content":{"rendered":"\t\t<div data-elementor-type=\"wp-page\" data-elementor-id=\"540\" class=\"elementor elementor-540 elementor-535\" data-elementor-post-type=\"page\">\n\t\t\t\t<div class=\"elementor-element elementor-element-f4368c3 e-flex e-con-boxed e-con e-parent\" data-id=\"f4368c3\" data-element_type=\"container\" data-e-type=\"container\">\n\t\t\t\t\t<div class=\"e-con-inner\">\n\t\t\t\t<div class=\"elementor-element elementor-element-b187212 elementor-widget elementor-widget-html\" data-id=\"b187212\" data-element_type=\"widget\" data-e-type=\"widget\" data-widget_type=\"html.default\">\n\t\t\t\t<div class=\"elementor-widget-container\">\n\t\t\t\t\t<style>\r\n.servicio-piel p {\r\n  font-size: 16px;\r\n  line-height: 1.6;\r\n  margin-bottom: 14px;\r\n}\r\n.servicio-piel ul li {\r\n  font-size: 16px;\r\n  line-height: 1.6;\r\n  margin-bottom: 8px;\r\n}\r\n.servicio-piel h1 {\r\n  font-size: 32px;\r\n  margin-bottom: 20px;\r\n}\r\n.servicio-piel h2 {\r\n  font-size: 22px;\r\n  margin-top: 30px;\r\n  margin-bottom: 12px;\r\n}\r\n.servicio-piel .bloque {\r\n  background: #f8f8f8;\r\n  padding: 25px;\r\n  border-radius: 8px;\r\n  margin-top: 30px;\r\n}\r\n.servicio-piel .cta {\r\n  background: #eaf4ef;\r\n  padding: 25px;\r\n  border-radius: 8px;\r\n  margin-top: 30px;\r\n}\r\n.servicio-piel hr {\r\n  margin: 40px 0;\r\n}\r\n<\/style>\r\n\r\n<section class=\"servicio-piel\">\r\n<h1>\ud83d\udd2c An\u00e0lisi professional de la pell<\/h1>\r\n\r\n<p>\r\nCuidar correctament la pell comen\u00e7a per con\u00e8ixer-la en profunditat. A <strong>Farm\u00e0cia Roser Mir\u00f3<\/strong> oferim un servei d\u2019<strong>an\u00e0lisi professional de la pell<\/strong> que ens permet estudiar-ne l\u2019estat real i aplicar solucions personalitzades i eficaces.\r\n<\/p>\r\n\r\n<h2>\ud83e\uddec Qu\u00e8 \u00e9s l\u2019an\u00e0lisi professional de la pell?<\/h2>\r\n<p>\r\n\u00c9s un estudi detallat que avalua diferents par\u00e0metres cutanis m\u00e9s enll\u00e0 del que es pot observar a simple vista. A partir de dades objectives podem detectar desequilibris, necessitats espec\u00edfiques i signes d\u2019envelliment o dany cutani.\r\n<\/p>\r\n\r\n<div class=\"bloque\">\r\n<h2>\ud83d\udd0d Quins aspectes analitzem?<\/h2>\r\n<ul>\r\n  <li>\ud83d\udca7 Nivell d\u2019hidrataci\u00f3<\/li>\r\n  <li>\ud83d\udee2\ufe0f Producci\u00f3 de greix<\/li>\r\n  <li>\ud83e\uddf1 Estat de la barrera cut\u00e0nia<\/li>\r\n  <li>\ud83c\udf1e Taques i dany solar<\/li>\r\n  <li>\ud83e\uddec Porus i textura<\/li>\r\n  <li>\u23f3 Signes d\u2019envelliment cutani<\/li>\r\n<\/ul>\r\n<\/div>\r\n\r\n<h2>\ud83c\udf19 Crema facial de nit personalitzada TU by Roser Mir\u00f3<\/h2>\r\n<p>\r\nA partir dels resultats de l\u2019an\u00e0lisi, no nom\u00e9s recomanem els productes m\u00e9s adequats, sin\u00f3 que tamb\u00e9 <strong>elaborem una crema facial de nit personalitzada<\/strong> de la marca <strong>TU by Roser Mir\u00f3<\/strong>.\r\n<\/p>\r\n<p>\r\nLa nit \u00e9s el moment en qu\u00e8 la pell es regenera de manera m\u00e9s activa, i per aix\u00f2 \u00e9s quan els actius cosm\u00e8tics actuen amb m\u00e9s efic\u00e0cia.\r\n<\/p>\r\n\r\n<div class=\"bloque\">\r\n<ul>\r\n  <li>\ud83c\udf3f Centella asi\u00e0tica (regeneradora i calmant)<\/li>\r\n  <li>\ud83d\udca7 \u00c0cid hialur\u00f2nic (hidrataci\u00f3 profunda)<\/li>\r\n  <li>\u2728 Actius antioxidants i reparadors<\/li>\r\n  <li>\ud83e\uddec Ingredients d\u2019\u00faltima generaci\u00f3 adaptats a cada pell<\/li>\r\n<\/ul>\r\n<\/div>\r\n\r\n<h2>\ud83d\udc69\u200d\u2695\ufe0f Assessorament farmac\u00e8utic expert<\/h2>\r\n<p>\r\nTot el proc\u00e9s va acompanyat d\u2019un assessorament farmac\u00e8utic professional, amb seguiment i recomanacions personalitzades per obtenir resultats visibles i duradors.\r\n<\/p>\r\n\r\n<div class=\"cta\">\r\n<h2>\ud83d\udccd Demana el teu estudi de la pell<\/h2>\r\n<p>\r\n\ud83d\udcde <strong>Tel\u00e8fon \/ WhatsApp:<\/strong> <a href=\"tel:+376367344\">+376 367 344<\/a><br>\r\n\ud83d\udccd <strong>Adre\u00e7a:<\/strong> C\/ Na Maria Pla, 14 \u2013 Andorra la Vella\r\n<\/p>\r\n<p>\r\nM\u00e9s informaci\u00f3 a la nostra <a href=\"https:\/\/www.farmaciamiro.com\/analisi-professional-de-la-pell-a-la-farmacia\/\" target=\"_blank\" rel=\"noopener\">p\u00e0gina d\u2019an\u00e0lisi professional de la pell<\/a>.\r\n<\/p>\r\n<\/div>\r\n<\/section>\r\n\t\t\t\t<\/div>\n\t\t\t\t<\/div>\n\t\t\t\t\t<\/div>\n\t\t\t\t<\/div>\n\t\t\t\t<\/div>\n\t\t","protected":false},"excerpt":{"rendered":"<p>\ud83d\udd2c An\u00e0lisi professional de la pell Cuidar correctament la pell comen\u00e7a per con\u00e8ixer-la en profunditat. A Farm\u00e0cia Roser Mir\u00f3 oferim un servei d\u2019an\u00e0lisi professional de la pell que ens permet estudiar-ne l\u2019estat real i aplicar solucions personalitzades i eficaces. \ud83e\uddec Qu\u00e8 \u00e9s l\u2019an\u00e0lisi professional de la pell? \u00c9s un estudi detallat que avalua diferents par\u00e0metres [&hellip;]<\/p>\n","protected":false},"author":1,"featured_media":0,"parent":0,"menu_order":0,"comment_status":"closed","ping_status":"closed","template":"","meta":{"footnotes":""},"class_list":["post-540","page","type-page","status-publish","hentry"],"_links":{"self":[{"href":"https:\/\/farmaciaandorra.com\/ca\/wp-json\/wp\/v2\/pages\/540","targetHints":{"allow":["GET"]}}],"collection":[{"href":"https:\/\/farmaciaandorra.com\/ca\/wp-json\/wp\/v2\/pages"}],"about":[{"href":"https:\/\/farmaciaandorra.com\/ca\/wp-json\/wp\/v2\/types\/page"}],"author":[{"embeddable":true,"href":"https:\/\/farmaciaandorra.com\/ca\/wp-json\/wp\/v2\/users\/1"}],"replies":[{"embeddable":true,"href":"https:\/\/farmaciaandorra.com\/ca\/wp-json\/wp\/v2\/comments?post=540"}],"version-history":[{"count":3,"href":"https:\/\/farmaciaandorra.com\/ca\/wp-json\/wp\/v2\/pages\/540\/revisions"}],"predecessor-version":[{"id":544,"href":"https:\/\/farmaciaandorra.com\/ca\/wp-json\/wp\/v2\/pages\/540\/revisions\/544"}],"wp:attachment":[{"href":"https:\/\/farmaciaandorra.com\/ca\/wp-json\/wp\/v2\/media?parent=540"}],"curies":[{"name":"wp","href":"https:\/\/api.w.org\/{rel}","templated":true}]}}

Anàlisi professional de la pell a la farmàcia a Andorra

<div data-elementor-type="wp-page" data-elementor-id="540" class="elementor elementor-540 elementor-535" data-elementor-post-type="page">
				<div class="elementor-element elementor-element-f4368c3 e-flex e-con-boxed e-con e-parent" data-id="f4368c3" data-element_type="container" data-e-type="container">
					<div class="e-con-inner">
				<div class="elementor-element elementor-element-b187212 elementor-widget elementor-widget-html" data-id="b187212" data-element_type="widget" data-e-type="widget" data-widget_type="html.default">
				<div class="elementor-widget-container">
					<style>
.servicio-piel p {
  font-size: 16px;
  line-height: 1.6;
  margin-bottom: 14px;
}
.servicio-piel ul li {
  font-size: 16px;
  line-height: 1.6;
  margin-bottom: 8px;
}
.servicio-piel h1 {
  font-size: 32px;
  margin-bottom: 20px;
}
.servicio-piel h2 {
  font-size: 22px;
  margin-top: 30px;
  margin-bottom: 12px;
}
.servicio-piel .bloque {
  background: #f8f8f8;
  padding: 25px;
  border-radius: 8px;
  margin-top: 30px;
}
.servicio-piel .cta {
  background: #eaf4ef;
  padding: 25px;
  border-radius: 8px;
  margin-top: 30px;
}
.servicio-piel hr {
  margin: 40px 0;
}
</style>

<section class="servicio-piel">
<h1>🔬 Anàlisi professional de la pell</h1>

<p>
Cuidar correctament la pell comença per conèixer-la en profunditat. A <strong>Farmàcia Roser Miró</strong> oferim un servei d’<strong>anàlisi professional de la pell</strong> que ens permet estudiar-ne l’estat real i aplicar solucions personalitzades i eficaces.
</p>

<h2>🧬 Què és l’anàlisi professional de la pell?</h2>
<p>
És un estudi detallat que avalua diferents paràmetres cutanis més enllà del que es pot observar a simple vista. A partir de dades objectives podem detectar desequilibris, necessitats específiques i signes d’envelliment o dany cutani.
</p>

<div class="bloque">
<h2>🔍 Quins aspectes analitzem?</h2>
<ul>
  <li>💧 Nivell d’hidratació</li>
  <li>🛢️ Producció de greix</li>
  <li>🧱 Estat de la barrera cutània</li>
  <li>🌞 Taques i dany solar</li>
  <li>🧬 Porus i textura</li>
  <li>⏳ Signes d’envelliment cutani</li>
</ul>
</div>

<h2>🌙 Crema facial de nit personalitzada TU by Roser Miró</h2>
<p>
A partir dels resultats de l’anàlisi, no només recomanem els productes més adequats, sinó que també <strong>elaborem una crema facial de nit personalitzada</strong> de la marca <strong>TU by Roser Miró</strong>.
</p>
<p>
La nit és el moment en què la pell es regenera de manera més activa, i per això és quan els actius cosmètics actuen amb més eficàcia.
</p>

<div class="bloque">
<ul>
  <li>🌿 Centella asiàtica (regeneradora i calmant)</li>
  <li>💧 Àcid hialurònic (hidratació profunda)</li>
  <li>✨ Actius antioxidants i reparadors</li>
  <li>🧬 Ingredients d’última generació adaptats a cada pell</li>
</ul>
</div>

<h2>👩‍⚕️ Assessorament farmacèutic expert</h2>
<p>
Tot el procés va acompanyat d’un assessorament farmacèutic professional, amb seguiment i recomanacions personalitzades per obtenir resultats visibles i duradors.
</p>

<div class="cta">
<h2>📍 Demana el teu estudi de la pell</h2>
<p>
📞 <strong>Telèfon / WhatsApp:</strong> <a href="tel:+376367344">+376 367 344</a><br>
📍 <strong>Adreça:</strong> C/ Na Maria Pla, 14 – Andorra la Vella
</p>
<p>
Més informació a la nostra <a href="https://www.farmaciamiro.com/analisi-professional-de-la-pell-a-la-farmacia/" target="_blank" rel="noopener">pàgina d’anàlisi professional de la pell</a>.
</p>
</div>
</section>
				</div>
				</div>
					</div>
				</div>
				</div>

<p>🔬 Anàlisi professional de la pell Cuidar correctament la pell comença per conèixer-la en profunditat. A Farmàcia Roser Miró oferim un servei d’anàlisi professional de la pell que ens permet estudiar-ne l’estat real i aplicar solucions personalitzades i eficaces. 🧬 Què és l’anàlisi professional de la pell? És un estudi detallat que avalua diferents paràmetres [&hellip;]</p>
